ctor of 17769915 and 19647?
531
What is the highest common divisor of 7 and 55299818?
7
What is the greatest common divisor of 229 and 3289814?
229
What is the greatest common divisor of 48 and 4665942?
6
What is the greatest common divisor of 67168 and 10080?
32
Calculate the greatest common factor of 59502 and 141799.
47
Calculate the greatest common divisor of 1682 and 32979815.
841
What is the highest common divisor of 137665345 and 481?
37
Calculate the greatest common factor of 26442306 and 737.
11
What is the greatest common divisor of 130096 and 258?
2
Calculate the greatest common factor of 335986955 and 9095.
535
What is the highest common factor of 5316 and 556247634?
2658
Calculate the highest common divisor of 6086 and 331330.
34
Calculate the highest common factor of 2021037 and 1304.
163
Calculate the greatest common divisor of 47601 and 44422311.
5289
What is the greatest common factor of 776 and 15158093?
97
What is the highest common factor of 1238661 and 4373442?
2061
Calculate the highest common factor of 80531451 and 2574.
1287
Calculate the greatest common divisor of 17840734 and 4.
2
Calculate the highest common factor of 1071 and 461851614.
1071
Calculate the greatest common factor of 113662 and 42126.
34
What is the greatest common factor of 1405 and 27078565?
1405
Calculate the greatest common factor of 144 and 1165428.
36
What is the greatest common divisor of 198384834 and 1362?
1362
What is the highest common divisor of 160 and 50471840?
160
What is the greatest common divisor of 4416200 and 286840?
2840
What is the greatest common factor of 850 and 11512850?
50
What is the highest common divisor of 78344 and 6776?
56
Calculate the greatest common divisor of 66704 and 194744.
88
Calculate the highest common divisor of 755 and 36811535.
755
What is the highest common divisor of 6766 and 17245582?
34
Calculate the highest common divisor of 186 and 1903232631.
93
Calculate the greatest common factor of 28833034 and 2690.
538
Calculate the greatest common factor of 15304931 and 41.
41
Calculate the greatest common factor of 9108839 and 3681.
409
Calculate the greatest common factor of 623724 and 1056.
12
What is the greatest common factor of 4698 and 23860504?
58
Calculate the greatest common factor of 109052912 and 1406.
74
What is the greatest common factor of 11179029 and 8313?
489
What is the greatest common divisor of 3785432 and 782?
46
Calculate the greatest common divisor of 56482914 and 284.
142
Calculate the highest common factor of 7696 and 165448.
8
What is the greatest common factor of 20390648 and 4115?
823
What is the greatest common divisor of 5481846 and 111?
111
Calculate the greatest common factor of 1074314094 and 42.
42
What is the greatest common factor of 18517037 and 2222?
1111
What is the greatest common divisor of 1859865 and 6195?
105
What is the greatest common divisor of 969 and 323153?
17
What is the greatest common factor of 34614 and 55102283?
641
What is the greatest common divisor of 9117600 and 360?
120
What is the highest common divisor of 2910 and 1834464?
582
What is the highest common divisor of 273447 and 435930?
3963
Calculate the highest common divisor of 48 and 1811772.
12
Calculate the highest common divisor of 9270 and 1787050.
1030
Calculate the greatest common factor of 748 and 523413.
187
What is the greatest common factor of 4300411416 and 21?
21
What is the highest common divisor of 192296 and 6168?
8
What is the highest common factor of 3168 and 2512800?
288
Calculate the highest common factor of 188802 and 307391868.
11106
Calculate the greatest common divisor of 340 and 122636572.
68
Calculate the greatest common divisor of 2454 and 269130.
6
Calculate the highest common factor of 1806 and 274594173.
903
What is the greatest common factor of 318 and 19793115?
159
Calculate the highest common divisor of 1111 and 23254.
11
Calculate the greatest common divisor of 9 and 19338468.
3
What is the highest common factor of 185919 and 4988?
29
What is the highest common divisor of 2286 and 52816506?
762
Calculate the greatest common divisor of 2747731 and 16576.
259
Calculate the greatest common divisor of 397358 and 27625.
221
Calculate the highest common factor of 25449 and 97716.
51
Calculate the greatest common factor of 7110 and 278730.
90
What is the greatest common divisor of 11749 and 4170137?
379
What is the highest common factor of 92063197 and 29?
29
Calculate the greatest common factor of 3091 and 401082.
11
What is the highest common divisor of 31149008 and 528?
176
Calculate the highest common divisor of 20479851 and 189.
189
What is the highest common divisor of 175 and 278300?
25
What is the greatest common divisor of 128 and 150607?
1
Calculate the highest common divisor of 603384096 and 2182.
2182
What is the highest common factor of 272 and 4105313?
17
What is the greatest common factor of 3383521 and 843?
281
Calculate the highest common divisor of 310862136 and 6063.
6063
What is the highest common factor of 1941600 and 3696?
48
What is the greatest common divisor of 6474405 and 2817?
939
What is the highest common divisor of 5469 and 257795899?
1823
Calculate the greatest common divisor of 38440 and 291245.
155
What is the greatest common divisor of 243520 and 280512?
64
What is the highest common divisor of 376830 and 112180?
790
What is the greatest common divisor of 1968 and 18816?
48
Calculate the highest common divisor of 1092 and 3264079.
91
What is the highest common factor of 5148591504 and 294?
294
Calculate the greatest common divisor of 7865576 and 72.
8
Calculate the greatest common divisor of 22806 and 199281.
543
Calculate the highest common divisor of 1746 and 27350217.
873
What is the greatest common divisor of 4117 and 1437549?
179
What is the highest common factor of 1200 and 2430870?
30
What is the greatest common factor of 2812 and 4370057?
19
What is the greatest common factor of 2035 and 2226845?
185
What is the highest common divisor of 7880 and 6845?
5
What is the highest common divisor of 16679 and 20319?
13
Calculate the greatest common divisor of 72 and 499646712.
24
What is the greatest common factor of 673678860 and 654?
654
Calculate the highest common factor of 2736966 and 136.
34
What is the greatest common factor of 459036 and 2079657?
2799
Calculate the greatest common factor of 28276422 and 564.
282
What is the greatest common factor of 249 and 576875979?
249
Calculate the highest common divisor of 7612552 and 2255.
41
Calculate the greatest common divisor of 2312 and 130216464.
2312
What is the highest common divisor of 40061 and 1899163?
679
What is the greatest common factor of 4675 and 226732825?
4675
What is the highest common factor of 1831634 and 35875?
287
Calculate the highest common divisor of 590 and 532366.
2
Calculate the highest common divisor of 4423475 and 8635.
785
Calculate the highest common factor of 3108 and 260052.
12
What is the greatest common divisor of 341600 and 226310?
4270
What is the greatest common factor of 11821623 and 111615?
3189
What is the greatest common factor of 20 and 2759079230?
10
What is the highest common divisor of 1952 and 560346?
122
Calculate the highest common divisor of 895717 and 361.
19
Calculate the highest common factor of 5586 and 953922.
6
What is the highest common factor of 126192 and 352?
176
Calculate the greatest common divisor of 1308 and 118130058.
654
Calculate the highest common divisor of 158675949 and 606.
303
What is the highest common divisor of 1608766846 and 146?
146
What is the greatest common divisor of 30 and 38365935?
15
Calculate the greatest common factor of 234225 and 464980.
1735
What is the greatest common divisor of 5466 and 29610?
6
Calculate the highest common factor of 3119216 and 56.
8
What is the highest common divisor of 16121 and 36453011?
343
Calculate the highest common factor of 21056 and 31913.
329
What is the greatest common divisor of 30508299 and 2133?
2133
Calculate the highest common divisor of 186 and 1659835263.
93
What is the greatest common factor of 3176204 and 1469?
113
What is the greatest common factor of 988736490 and 6?
6
Calculate the highest common divisor of 787727 and 180757.
667
Calculate the greatest co